{"id":148,"date":"2024-06-05T00:51:04","date_gmt":"2024-06-04T22:51:04","guid":{"rendered":"https:\/\/dencre-et-de-mots.com\/?page_id=148"},"modified":"2024-08-14T22:41:52","modified_gmt":"2024-08-14T20:41:52","slug":"naissance-dune-entreprise","status":"publish","type":"page","link":"https:\/\/dencre-et-de-mots.com\/index.php\/naissance-dune-entreprise\/","title":{"rendered":"AU COMMENCEMENT D&rsquo;Encre et de Mots"},"content":{"rendered":"\n<p><\/p>\n\n\n\n<p><\/p>\n\n\n\n<blockquote class=\"wp-block-quote is-layout-flow wp-block-quote-is-layout-flow\">\n<p class=\"has-large-font-size\"><strong><em>\u00c9crire, c&rsquo;est voir le monde avec des mots<\/em>,<br><em>comme le peintre le voit avec des couleurs<\/em><\/strong><br><br>Orhan PAMUK<br>\u00c9crivain et Prix Nobel de Litt\u00e9rature<\/p>\n<\/blockquote>\n\n\n\n<p><\/p>\n\n\n\n<p class=\"has-text-align-left has-extra-large-font-size\"><br><strong>Ch\u00e8res lectrices, chers lecteurs<\/strong><\/p>\n\n\n\n<p class=\"has-white-color has-text-color has-link-color wp-elements-7e4ac651328708ea719ac0894fa30934\">.<\/p>\n\n\n\n<p class=\"has-text-align-center has-larger-font-size\"><br><em>D\u2019Encre et de Mots<\/em>  est  une soci\u00e9t\u00e9 qui  a pris vie en plein <br>c\u0153ur de  la  conjoncture mondiale de  ces  quelques derni\u00e8res ann\u00e9es.<br><br>Au-del\u00e0 des conflits  et  des pand\u00e9mies, cette  entreprise est n\u00e9e<br>d\u2019une volont\u00e9 de recherches et d\u2019innovations pour  notre  avenir<br>et sous l\u2019impulsion d\u2019un besoin professionnel de plus en plus omnipr\u00e9sent.<\/p>\n\n\n\n<p class=\"has-text-align-center has-larger-font-size\">Est-ce une prise de risque que de se lancer <br>comme Consultante Historio-anthropologue ? <br>Que d\u2019exercer en free-lance le m\u00e9tier de Copy &amp; ContentWritring&nbsp;?<\/p>\n\n\n\n<p class=\"has-text-align-center has-larger-font-size\"><br>Une folie&nbsp;? Un pari&nbsp;? Un parti pris&nbsp;?<\/p>\n\n\n\n<p class=\"has-text-align-center has-larger-font-size\"><em>D\u2019Encre et de Mots, <\/em>ce n\u2019est pas seulement une entreprise. <br>C\u2019est aussi un projet. Une part de soi qui trouve son chemin <br>dans un monde de plus en plus \u00e9troit et compliqu\u00e9 <br>o\u00f9 il est difficile de vivre et de se r\u00e9aliser.<br><br><\/p>\n\n\n\n<figure class=\"wp-block-pullquote has-text-align-center has-large-font-size\"><blockquote><p><em>Qu\u2019on ose se le dire aujourd\u2019hui, avoir de hauts dipl\u00f4mes <br>n\u2019est plus sp\u00e9cialement source de reconnaissance professionnelle et sociale. <br>Ce n\u2019est plus non plus gage d\u2019une carri\u00e8re toute trac\u00e9e et d\u2019un compte bancaire bien \u00e9toff\u00e9. <br>Les universitaires qui se penchent sur les savoirs litt\u00e9raires, historiques, sociaux et culturels<br>ne semblent plus \u00eatre en symbiose avec la vision et les attentes de nos \u00e9lites. <br>Depuis plus de dix ans maintenant, les concours et les examens se multiplient et se succ\u00e8dent, <br>quand les opportunit\u00e9s au sein des laboratoires de recherches se resserrent <br>et lorsque le d\u00e9sir de devenir enseignant tient en un v\u00e9ritable parcours du combattant.<\/em><\/p><\/blockquote><\/figure>\n\n\n\n<p class=\"has-text-align-center has-larger-font-size\"><br>Au del\u00e0 de cette d\u00e9sillusion, apr\u00e8s la d\u00e9ception de ce en quoi<br> on croyait encore possible et qui ne l\u2019est plus, on d\u00e9cide de se r\u00e9inventer. <br>On d\u00e9cide de sortir des cadres orthonorm\u00e9s impos\u00e9s <br>et on arr\u00eate de courir apr\u00e8s un hypoth\u00e9tique espoir <br>qui ne saurait nous consoler. <br><br>La beaut\u00e9 de la vie, c&rsquo;est de r\u00e9aliser que le plus appr\u00e9ciable des cadeaux <br>qu\u2019on nous est fait, c\u2019est de nous avoir rendu ind\u00e9pendant et libre\u00a0! <br>Libre comme l\u2019air, comme un oiseau dont les ailes ne touchent plus terre. <br>On peut enfin choisir ce que l\u2019on a envie d\u2019\u00eatre. <br>Faire ce pourquoi on est fait\u00a0!<\/p>\n\n\n\n<p class=\"has-text-align-center has-larger-font-size\"><br>Mon art \u00e0 moi, c\u2019est la recherche et l\u2019\u00e9criture. <br>C\u2019est comprendre le genre humain. Esquisser ses envies. Analyser ses besoins. <br>C\u2019est savoir \u00e9couter, saisir ses pens\u00e9es et ses murmures. <br>\u00c9tudier le passer pour comprendre le futur. <br>\u00c9mettre des hypoth\u00e8ses. Relativiser. Nuancer. \u00c9quilibrer.<\/p>\n\n\n\n<p class=\"has-text-align-center has-larger-font-size\">Puis c\u2019est prendre ma plume, un peu d\u2019encre <br>et coucher l\u2019ensemble des mots sur des grains de papier fin. <br>C\u2019est r\u00e9diger. Photographier un instant. <br>Immortaliser un message sous les traits d\u2019un croquis, d\u2019une estampe\u2026<\/p>\n\n\n\n<p class=\"has-text-align-center has-larger-font-size\"><br>Aussi, le Copywriting et le Contentwriting forment <br>les structurent possibles pour remplir cet exercice avec strat\u00e9gie et style&nbsp;! <br><br>Ecrire pour soi. Ecrire pour les autres. <br>C\u2019est mettre toutes ses comp\u00e9tences <br>aux services de personnes telles que vous&nbsp;! <br><br>V\u00e9ritable challenge, ces deux m\u00e9tiers \u00e9troitement li\u00e9s <br>sont une source constante de renouvellement. <br>C\u2019est l&rsquo;envie de faire de nouvelles d\u00e9couvertes, de nouvelles rencontres\u2026 <br>de se mesurer \u00e0 de nouvelles exp\u00e9riences. &nbsp;<br><\/p>\n\n\n\n<figure class=\"wp-block-pullquote has-large-font-size\"><blockquote><p><em>Alors bien s\u00fbr, on ne pourra jamais plaire \u00e0 tout le monde.<br>Mais plaire \u00e0 tout le monde, c\u2019est plaire \u00e0 n\u2019importe qui\u2026<br>Mais sommes-nous tous n\u2019importe qui&nbsp;?<br>Notre vie doit-elle \u00eatre dict\u00e9e&nbsp;? Avoir un prix&nbsp;?<br>Notre travail ne doit-il \u00eatre que contrainte et ennui&nbsp;?<\/em><\/p><\/blockquote><\/figure>\n\n\n\n<p class=\"has-text-align-center has-larger-font-size\"><br>Je suis intimement convaincue que rien n\u2019est impossible <br>d\u00e8s lors qu\u2019on s\u2019autorise \u00e0 ouvrir le champ infini de tous les possibles.<br><br><\/p>\n\n\n\n<p><\/p>\n\n\n\n<p class=\"has-text-align-right has-extra-large-font-size\"><strong>Carolyne Warren<\/strong><\/p>\n","protected":false},"excerpt":{"rendered":"<p>\u00c9crire, c&rsquo;est voir le monde avec des mots,comme le peintre le voit avec des couleurs Orhan PAMUK\u00c9crivain et Prix Nobel de Litt\u00e9rature [&hellip;]<\/p>\n","protected":false},"author":1,"featured_media":583,"parent":0,"menu_order":0,"comment_status":"closed","ping_status":"closed","template":"","meta":{"footnotes":""},"class_list":{"0":"post-148","1":"page","2":"type-page","3":"status-publish","4":"has-post-thumbnail","6":"col-md-12"},"aioseo_notices":[],"_links":{"self":[{"href":"https:\/\/dencre-et-de-mots.com\/index.php\/wp-json\/wp\/v2\/pages\/148","targetHints":{"allow":["GET"]}}],"collection":[{"href":"https:\/\/dencre-et-de-mots.com\/index.php\/wp-json\/wp\/v2\/pages"}],"about":[{"href":"https:\/\/dencre-et-de-mots.com\/index.php\/wp-json\/wp\/v2\/types\/page"}],"author":[{"embeddable":true,"href":"https:\/\/dencre-et-de-mots.com\/index.php\/wp-json\/wp\/v2\/users\/1"}],"replies":[{"embeddable":true,"href":"https:\/\/dencre-et-de-mots.com\/index.php\/wp-json\/wp\/v2\/comments?post=148"}],"version-history":[{"count":75,"href":"https:\/\/dencre-et-de-mots.com\/index.php\/wp-json\/wp\/v2\/pages\/148\/revisions"}],"predecessor-version":[{"id":1372,"href":"https:\/\/dencre-et-de-mots.com\/index.php\/wp-json\/wp\/v2\/pages\/148\/revisions\/1372"}],"wp:featuredmedia":[{"embeddable":true,"href":"https:\/\/dencre-et-de-mots.com\/index.php\/wp-json\/wp\/v2\/media\/583"}],"wp:attachment":[{"href":"https:\/\/dencre-et-de-mots.com\/index.php\/wp-json\/wp\/v2\/media?parent=148"}],"curies":[{"name":"wp","href":"https:\/\/api.w.org\/{rel}","templated":true}]}}