{"id":170,"date":"2024-06-05T01:21:04","date_gmt":"2024-06-04T23:21:04","guid":{"rendered":"https:\/\/dencre-et-de-mots.com\/?page_id=170"},"modified":"2024-08-05T16:53:24","modified_gmt":"2024-08-05T14:53:24","slug":"recherches-historiques-artistiques-et-litteraires","status":"publish","type":"page","link":"https:\/\/dencre-et-de-mots.com\/index.php\/recherches-historiques-artistiques-et-litteraires\/","title":{"rendered":"RECHERCHES HISTORIQUES, ARTISTIQUES &amp; LITTERAIRES"},"content":{"rendered":"\n<figure class=\"wp-block-image size-large\"><img loading=\"lazy\" decoding=\"async\" width=\"1024\" height=\"768\" src=\"https:\/\/dencre-et-de-mots.com\/wp-content\/uploads\/2024\/06\/Recherches-historique-1024x768.png\" alt=\"\" class=\"wp-image-929\" srcset=\"https:\/\/dencre-et-de-mots.com\/wp-content\/uploads\/2024\/06\/Recherches-historique-1024x768.png 1024w, https:\/\/dencre-et-de-mots.com\/wp-content\/uploads\/2024\/06\/Recherches-historique-300x225.png 300w, https:\/\/dencre-et-de-mots.com\/wp-content\/uploads\/2024\/06\/Recherches-historique-768x576.png 768w, https:\/\/dencre-et-de-mots.com\/wp-content\/uploads\/2024\/06\/Recherches-historique-1536x1152.png 1536w, https:\/\/dencre-et-de-mots.com\/wp-content\/uploads\/2024\/06\/Recherches-historique-900x675.png 900w, https:\/\/dencre-et-de-mots.com\/wp-content\/uploads\/2024\/06\/Recherches-historique-500x375.png 500w, https:\/\/dencre-et-de-mots.com\/wp-content\/uploads\/2024\/06\/Recherches-historique.png 2000w\" sizes=\"auto, (max-width: 1024px) 100vw, 1024px\" \/><\/figure>\n\n\n\n<blockquote class=\"wp-block-quote is-layout-flow wp-block-quote-is-layout-flow\">\n<p class=\"has-large-font-size\"><em><strong>Si l\u2019Histoire\u00a0sert \u00e0 quelque chose, c\u2019est \u00e0 ouvrir les yeux<\/strong><\/em>.<\/p>\n\n\n\n<p class=\"has-large-font-size\">Paul VIDAL-NAQUET<\/p>\n<\/blockquote>\n\n\n\n<p><\/p>\n\n\n\n<p class=\"has-white-color has-text-color has-link-color wp-elements-7e4ac651328708ea719ac0894fa30934\">.<\/p>\n\n\n\n<p><\/p>\n\n\n\n<p class=\"has-text-align-center has-larger-font-size\">Comme le disait si bien l\u2019\u00e9crivain et intellectuel am\u00e9ricain<br> Walter Lippmann&nbsp;: <br><br><strong>\u00ab&nbsp;<em>l\u2019Histoire est la m\u00e9moire des temps pass\u00e9s <\/em><br><em>et un guide pour le pr\u00e9sent<\/em>&nbsp;\u00bb. <\/strong><br><br><\/p>\n\n\n\n<p class=\"has-text-align-left has-larger-font-size\">En tant qu\u2019historienne, mes comp\u00e9tences s\u2019\u00e9tendent \u00e0 analyser <br>avec m\u00e9thode et rigueur scientifiques\u00a0: <br>les textes, les archives manuscrites et imprim\u00e9es, le patrimoine<br>iconographique, les arts graphiques, les photographies, <br>les paysages et les objets h\u00e9rit\u00e9s du pass\u00e9.<\/p>\n\n\n\n<p class=\"has-larger-font-size\"><\/p>\n\n\n\n<p class=\"has-larger-font-size\">A la crois\u00e9e de la Recherche fondamentale et appliqu\u00e9e<em>, <\/em><br><em>D\u2019Encre et de mots <\/em>produit des textes, des articles et <br>des essais clairs, agr\u00e9ables \u00e0 lire et largement illustr\u00e9s qui<br>contribueront \u00e0 mettre en valeur votre image et votre avenir.<\/p>\n\n\n\n<p class=\"has-white-color has-text-color has-link-color wp-elements-7e4ac651328708ea719ac0894fa30934\">.<\/p>\n\n\n\n<p class=\"has-text-align-center\" style=\"font-size:27px\">Histoire, Histoire de l\u2019Art, Anthropologie, Litt\u00e9rature, Pal\u00e9ographie,<br>sont autant de domaines interdisciplinaires et transversaux <br>qui rel\u00e8vent de mon champ de r\u00e9flexion&nbsp;et d\u2019action.<\/p>\n\n\n\n<p class=\"has-white-color has-text-color has-link-color wp-elements-7e4ac651328708ea719ac0894fa30934\">.<\/p>\n\n\n\n<p class=\"has-larger-font-size\">Ma m\u00e9thodologie s\u2019appuie sur un ensemble de techniques <br>et de principes con\u00e7us pour faire progresser les enqu\u00eates<br>scientifiques et favoriser l\u2019accumulation de connaissances.<br><br>Concr\u00e8tement, les pratiques de l\u2019historien se fondent sur&nbsp;:<br><br>&#8211; l\u2019observation<br>&#8211; la recherche des connaissances actuelles <em>(sources et bibliographie)<\/em><br>&#8211; la formulation d\u2019hypoth\u00e8ses<br>&#8211; l\u2019exp\u00e9rimentation<br>&#8211; la collecte de donn\u00e9es et l\u2019analyse conceptuelle de ces derni\u00e8res<br>&#8211; la formulation de conclusions<br>&#8211; et enfin la communication de r\u00e9sultats<\/p>\n\n\n\n<p class=\"has-white-color has-text-color has-link-color has-larger-font-size wp-elements-4ae3627577a9eea18e54c94e4bf443ef\">.<\/p>\n\n\n\n<p class=\"has-larger-font-size\"><\/p>\n\n\n\n<p class=\"has-larger-font-size\"><\/p>\n\n\n\n<p class=\"has-text-align-center\" style=\"font-size:27px\">&nbsp;&nbsp;&nbsp; Alors faire de la Recherche \u2026 oui \u2026 mais pour qui&nbsp;?<\/p>\n\n\n\n<p class=\"has-white-color has-text-color has-link-color wp-elements-7e4ac651328708ea719ac0894fa30934\">.<\/p>\n\n\n\n<p><\/p>\n\n\n\n<p><\/p>\n\n\n\n<ul class=\"wp-block-list\">\n<li class=\"has-larger-font-size\"><strong>Pour le monde de la Recherche<\/strong> <br>(Universit\u00e9s, laboratoires, conf\u00e9rences, s\u00e9minaires\u2026)<\/li>\n<\/ul>\n\n\n\n<p class=\"has-large-font-size\"><em>C\u2019est tout naturellement qu\u2019en tant qu\u2019historienne \u2026 le monde de la Recherche m\u2019appelle&nbsp;! <\/em><br><em>\u00c9crire des articles, r\u00e9pondre \u00e0 des<\/em> <em>appels-\u00e0-contribution, contribuer \u00e0 des<\/em><br><em>conf\u00e9rences, anim\u00e9s des formations th\u00e9matiques, sp\u00e9cialis\u00e9s ou p\u00e9dagogiques, <\/em><br><em>voil\u00e0 autant de prestations de qualit\u00e9 que vous propose<\/em> D\u2019Encre et de mots.<\/p>\n\n\n\n<p><\/p>\n\n\n\n<p><\/p>\n\n\n\n<ul class=\"wp-block-list\">\n<li class=\"has-larger-font-size\"><strong>Pour les Collectivit\u00e9s territoriales<\/strong> <br>(Mus\u00e9es, Ecomus\u00e9es, Mairies, Archives D\u00e9partementales\u2026)<\/li>\n<\/ul>\n\n\n\n<p class=\"has-large-font-size\"><em>C\u2019est travailler sur l\u2019histoire d&rsquo;un territoire, son \u00e9conomie, son architecture, sa vie sociale. <\/em><br><em>L\u2019\u00e9tude historique servira \u00e0 documenter vos collections par une recherche en archives,<\/em><br><em>produire un livre, un inventaire, contribuer \u00e0 une exposition, \u00e0 un sentier paysager, <\/em><br><em>\u00e0 animer des ateliers p\u00e9dagogiques\u2026<\/em><\/p>\n\n\n\n<p><\/p>\n\n\n\n<p><\/p>\n\n\n\n<ul class=\"wp-block-list\">\n<li class=\"has-larger-font-size\"><strong>Pour les Entreprises<\/strong> <br>(Start-Up, PME, Trust, Holding, Fondations, Associations\u2026)<\/li>\n<\/ul>\n\n\n\n<p class=\"has-large-font-size\"><em>Quel que soit son \u00e2ge et son activit\u00e9, votre soci\u00e9t\u00e9 \u00e0 une histoire \u00e0 raconter&nbsp;! <\/em><br><em>C\u2019est vous offrir le prix d\u2019une assise et d\u2019une image-vitrine respectable et appr\u00e9ciable.<\/em><br><em>N\u00e9e d\u2019un h\u00e9ritage ancestral, d\u2019une tradition s\u00e9culaire ou cr\u00e9er plus r\u00e9cemment sous<\/em><br><em>l\u2019impulsion de l\u2019innovation et du g\u00e9nie\u2026 r\u00e9v\u00e9ler son histoire et son patrimoine&nbsp;: <\/em><br><em>c\u2019est mettre votre soci\u00e9t\u00e9 \u00e0 l\u2019honneur&nbsp;!<\/em><\/p>\n\n\n\n<p><\/p>\n\n\n\n<p><\/p>\n\n\n\n<ul class=\"wp-block-list\">\n<li class=\"has-larger-font-size\"><strong>Pour les Particuliers<\/strong><\/li>\n<\/ul>\n\n\n\n<p class=\"has-large-font-size\"><em>Par curiosit\u00e9&nbsp;ou par int\u00e9r\u00eat, si vous poss\u00e9dez des archives familiales ou que <\/em><br><em>vous souhaitez conna\u00eetre l\u2019histoire de votre famille ou de votre maison, choisir <\/em><br>D\u2019Encre et de mots <em>est une solution qualifi\u00e9e pour mener \u00e0 bien des recherches<\/em><br><em>historiques et g\u00e9n\u00e9alogiques pour vous et avec vous.<\/em><\/p>\n","protected":false},"excerpt":{"rendered":"<p>Si l\u2019Histoire\u00a0sert \u00e0 quelque chose, c\u2019est \u00e0 ouvrir les yeux. Paul VIDAL-NAQUET . Comme le disait si bien l\u2019\u00e9crivain et intellectuel am\u00e9ricain [&hellip;]<\/p>\n","protected":false},"author":1,"featured_media":0,"parent":0,"menu_order":0,"comment_status":"closed","ping_status":"closed","template":"","meta":{"footnotes":""},"class_list":{"0":"post-170","1":"page","2":"type-page","3":"status-publish","5":"col-md-12"},"aioseo_notices":[],"_links":{"self":[{"href":"https:\/\/dencre-et-de-mots.com\/index.php\/wp-json\/wp\/v2\/pages\/170","targetHints":{"allow":["GET"]}}],"collection":[{"href":"https:\/\/dencre-et-de-mots.com\/index.php\/wp-json\/wp\/v2\/pages"}],"about":[{"href":"https:\/\/dencre-et-de-mots.com\/index.php\/wp-json\/wp\/v2\/types\/page"}],"author":[{"embeddable":true,"href":"https:\/\/dencre-et-de-mots.com\/index.php\/wp-json\/wp\/v2\/users\/1"}],"replies":[{"embeddable":true,"href":"https:\/\/dencre-et-de-mots.com\/index.php\/wp-json\/wp\/v2\/comments?post=170"}],"version-history":[{"count":25,"href":"https:\/\/dencre-et-de-mots.com\/index.php\/wp-json\/wp\/v2\/pages\/170\/revisions"}],"predecessor-version":[{"id":1411,"href":"https:\/\/dencre-et-de-mots.com\/index.php\/wp-json\/wp\/v2\/pages\/170\/revisions\/1411"}],"wp:attachment":[{"href":"https:\/\/dencre-et-de-mots.com\/index.php\/wp-json\/wp\/v2\/media?parent=170"}],"curies":[{"name":"wp","href":"https:\/\/api.w.org\/{rel}","templated":true}]}}