{"id":506,"date":"2024-06-12T23:12:50","date_gmt":"2024-06-12T21:12:50","guid":{"rendered":"https:\/\/dencre-et-de-mots.com\/?page_id=506"},"modified":"2024-08-05T16:27:42","modified_gmt":"2024-08-05T14:27:42","slug":"le-copywriting-2","status":"publish","type":"page","link":"https:\/\/dencre-et-de-mots.com\/index.php\/le-copywriting-2\/","title":{"rendered":"LE COPYWRITING &amp; LE REFERENCEMENT SEO"},"content":{"rendered":"\n<p class=\"has-text-align-left has-extra-large-font-size\"><br><em><strong>Une communication efficace de l\u2019imprim\u00e9 \u00e0 l\u2019\u00e8re du tout digital.<\/strong><\/em><\/p>\n\n\n\n<p class=\"has-larger-font-size\"><br>Choisir <em>D\u2019Encre et de mots<\/em>, <br>C\u2019est opter pour une r\u00e9daction adapt\u00e9e \u00e0 votre public&nbsp;! <br>C\u2019est faire le choix judicieux d\u2019une pratique pluridisciplinaire <br>qui vous accompagne tout au long de vos projets et de vos ambitions.<\/p>\n\n\n\n<figure class=\"wp-block-image size-large\"><img loading=\"lazy\" decoding=\"async\" width=\"1024\" height=\"768\" src=\"https:\/\/dencre-et-de-mots.com\/wp-content\/uploads\/2024\/06\/SEO-Copywriting-1024x768.jpg\" alt=\"\" class=\"wp-image-510\" style=\"aspect-ratio:4\/3;object-fit:cover\" srcset=\"https:\/\/dencre-et-de-mots.com\/wp-content\/uploads\/2024\/06\/SEO-Copywriting-1024x768.jpg 1024w, https:\/\/dencre-et-de-mots.com\/wp-content\/uploads\/2024\/06\/SEO-Copywriting-300x225.jpg 300w, https:\/\/dencre-et-de-mots.com\/wp-content\/uploads\/2024\/06\/SEO-Copywriting-768x576.jpg 768w, https:\/\/dencre-et-de-mots.com\/wp-content\/uploads\/2024\/06\/SEO-Copywriting-1536x1152.jpg 1536w, https:\/\/dencre-et-de-mots.com\/wp-content\/uploads\/2024\/06\/SEO-Copywriting-900x675.jpg 900w, https:\/\/dencre-et-de-mots.com\/wp-content\/uploads\/2024\/06\/SEO-Copywriting-500x375.jpg 500w, https:\/\/dencre-et-de-mots.com\/wp-content\/uploads\/2024\/06\/SEO-Copywriting.jpg 2000w\" sizes=\"auto, (max-width: 1024px) 100vw, 1024px\" \/><\/figure>\n\n\n\n<blockquote class=\"wp-block-quote is-layout-flow wp-block-quote-is-layout-flow\">\n<p class=\"has-large-font-size\"><strong><em>Le SEO (Search Engine Optimization) ou\u00a0R\u00e9f\u00e9rencement naturel  <\/em><\/strong><br><strong><em>consiste <\/em><\/strong><em><strong>dans l\u2019art d\u2019optimiser une page web et dans sa globalit\u00e9 tout un site web<\/strong><\/em>, <br><em><strong>pour augmenter leur visibilit\u00e9 dans\u00a0 les moteurs de recherche.<\/strong><\/em><\/p>\n\n\n\n<p class=\"has-large-font-size\">La combinaison du r\u00e9f\u00e9rencement et de la r\u00e9daction en un seul service <br>permet de pr\u00e9senter votre entreprise au monde entier et d&rsquo;attirer des clients.<\/p>\n<\/blockquote>\n\n\n\n<p class=\"has-white-color has-text-color has-link-color wp-elements-7e4ac651328708ea719ac0894fa30934\">.<\/p>\n\n\n\n<p class=\"has-extra-large-font-size\"><br><strong>Le <em>Copywriting<\/em> ou \u00ab&nbsp;La R\u00e9daction Publicitaire&nbsp;\u00bb <\/strong>&#8230;<br><strong>pour vous aider \u00e0 vendre&nbsp;!<\/strong><\/p>\n\n\n\n<p class=\"has-larger-font-size\"><br>Exercer le <em>Copywriting<\/em> pour vous, c\u2019est n\u2019avoir qu\u2019un objectif  en t\u00eate&nbsp;: <br>\u00eatre en mesure d&rsquo;utiliser les mots magiques pour susciter imm\u00e9diatement <br>de l\u2019int\u00e9r\u00eat aupr\u00e8s de vos clients et vous faire g\u00e9n\u00e9rer des ventes <br>et du profit rapidement.<\/p>\n\n\n\n<p class=\"has-larger-font-size\">De concert avec la pratique du r\u00e9f\u00e9rencement SEO\/SEA: <br>Plus vous serez visible sur le Web, plus vous aurez un impact fort,<br>et plus vous serez susceptible de toucher votre client\u00e8le d\u00e9sir\u00e9e !<\/p>\n\n\n\n<p class=\"has-white-color has-text-color has-link-color wp-elements-7e4ac651328708ea719ac0894fa30934\">.<\/p>\n\n\n\n<p class=\"has-text-align-center\" style=\"font-size:27px\">Cette pratique publicitaire renouvel\u00e9e s\u2019appuie sur <br>le choix et la puissance des mots et des images employ\u00e9s. <\/p>\n\n\n\n<p class=\"has-white-color has-text-color has-link-color wp-elements-7e4ac651328708ea719ac0894fa30934\">.<\/p>\n\n\n\n<p class=\"has-larger-font-size\">Cette forme de r\u00e9daction publicitaire s\u2019envisage principalement <br>pour vos objectifs \u00e0 court terme et poss\u00e8de un pouvoir de fort rendement.<\/p>\n\n\n\n<p class=\"has-white-color has-text-color has-link-color wp-elements-7e4ac651328708ea719ac0894fa30934\">.<\/p>\n\n\n\n<p class=\"has-text-align-center\" style=\"font-size:27px\">Le <em>Copywwriting<\/em> c\u2019est l&rsquo;art, la science et la strat\u00e9gie de convaincre,<br> de persuader et d&rsquo;influencer votre public cible, votre prospect,<br>en somme votre client. <\/p>\n\n\n\n<p class=\"has-white-color has-text-color has-link-color wp-elements-7e4ac651328708ea719ac0894fa30934\">.<\/p>\n\n\n\n<p class=\"has-larger-font-size\">L\u2019objectif phare de cette technique est de promouvoir un produit, <br>un bien, un service, une personne, une entreprise, un patrimoine, <br>une opinion ou encore une id\u00e9e. <br><br>C\u2019est orienter et amener subtilement mais certainement vos<br>consommateurs \u00e0 agir dans votre sens, vers vos orientations<br>marketing ou id\u00e9ologiques ; en soit, vers vos int\u00e9r\u00eats ou pour <br>la personne physique et\/ou morale pour laquelle vous avez mis<br>vos comp\u00e9tences \u00e0 disposition et \u00e0 profit.<\/p>\n\n\n\n<p class=\"has-larger-font-size\">\u00catre <em>Copywriter<\/em>, c\u2019est \u00eatre l\u2019acteur majeur de vos annonces publicitaires, <br>de vos pages produits, de vos campagnes emails-promotionnels, <br>de vos landing pages \u2026<br><br>C\u2019est cr\u00e9er pour vous des titres novateurs, accrocheurs, convaincant, <br>des <em>Call-to-Action<\/em>\u00a0!<\/p>\n\n\n\n<p><\/p>\n","protected":false},"excerpt":{"rendered":"<p>Une communication efficace de l\u2019imprim\u00e9 \u00e0 l\u2019\u00e8re du tout digital. Choisir D\u2019Encre et de mots, C\u2019est opter pour une r\u00e9daction adapt\u00e9e \u00e0 [&hellip;]<\/p>\n","protected":false},"author":1,"featured_media":0,"parent":0,"menu_order":0,"comment_status":"closed","ping_status":"closed","template":"","meta":{"footnotes":""},"class_list":{"0":"post-506","1":"page","2":"type-page","3":"status-publish","5":"col-md-12"},"aioseo_notices":[],"_links":{"self":[{"href":"https:\/\/dencre-et-de-mots.com\/index.php\/wp-json\/wp\/v2\/pages\/506","targetHints":{"allow":["GET"]}}],"collection":[{"href":"https:\/\/dencre-et-de-mots.com\/index.php\/wp-json\/wp\/v2\/pages"}],"about":[{"href":"https:\/\/dencre-et-de-mots.com\/index.php\/wp-json\/wp\/v2\/types\/page"}],"author":[{"embeddable":true,"href":"https:\/\/dencre-et-de-mots.com\/index.php\/wp-json\/wp\/v2\/users\/1"}],"replies":[{"embeddable":true,"href":"https:\/\/dencre-et-de-mots.com\/index.php\/wp-json\/wp\/v2\/comments?post=506"}],"version-history":[{"count":33,"href":"https:\/\/dencre-et-de-mots.com\/index.php\/wp-json\/wp\/v2\/pages\/506\/revisions"}],"predecessor-version":[{"id":1391,"href":"https:\/\/dencre-et-de-mots.com\/index.php\/wp-json\/wp\/v2\/pages\/506\/revisions\/1391"}],"wp:attachment":[{"href":"https:\/\/dencre-et-de-mots.com\/index.php\/wp-json\/wp\/v2\/media?parent=506"}],"curies":[{"name":"wp","href":"https:\/\/api.w.org\/{rel}","templated":true}]}}