{"id":81,"date":"2024-05-10T09:23:29","date_gmt":"2024-05-10T07:23:29","guid":{"rendered":"https:\/\/dencre-et-de-mots.com\/?page_id=81"},"modified":"2024-08-12T15:42:10","modified_gmt":"2024-08-12T13:42:10","slug":"presentation","status":"publish","type":"page","link":"https:\/\/dencre-et-de-mots.com\/","title":{"rendered":"D&rsquo;ENCRE ET DE MOTS &#8230;"},"content":{"rendered":"\n<p class=\"has-text-align-center has-extra-large-font-size\"><br><em>Sp\u00e9cialiste de la R\u00e9daction sous toutes ses formes&nbsp;!<\/em><br><br><\/p>\n\n\n\n<p class=\"has-text-align-center has-extra-large-font-size\">Faire appel \u00e0 <em>D\u2019Encre et de mots, <\/em>c\u2019est choisir un service <br>de qualit\u00e9, original et efficace.<\/p>\n\n\n\n<p class=\"has-text-align-center has-extra-large-font-size\"><br>Mon m\u00e9tier&nbsp;? <br>Mettre la r\u00e9daction publicitaire, la r\u00e9daction de contenus, <br>les savoirs et les pratiques de la recherche scientifique <br>au c\u0153ur de vos missions et de vos ambitions&nbsp;!<\/p>\n\n\n\n<p class=\"has-text-align-center has-extra-large-font-size\">Que vous soyez un particulier, un institut, une entreprise, <br>mes comp\u00e9tences s\u2019adaptent tr\u00e8s facilement <br>pour r\u00e9pondre \u00e0 vos besoins et concr\u00e9tiser vos projets.<\/p>\n\n\n\n<p class=\"has-text-align-center has-extra-large-font-size\"><br>R\u00e9dactrice qualifi\u00e9e et certifi\u00e9e, mes domaines d\u2019actions s\u2019organisent autour de trois th\u00e9matiques <br>sp\u00e9cifiques, pluridisciplinaires et compl\u00e9mentaires&nbsp;:<\/p>\n\n\n\n<p class=\"has-white-color has-text-color has-link-color wp-elements-7e4ac651328708ea719ac0894fa30934\">.<\/p>\n\n\n\n<p class=\"has-text-align-center has-extra-large-font-size\"><em><strong>Les Prestations r\u00e9dactionnelles<\/strong><\/em><\/p>\n\n\n\n<p class=\"has-text-align-center has-extra-large-font-size\">Copywriting, Contentwriting &amp; Storytelling<br>Marketing , Newsletters, e-mailing, blog <br>Biographe, \u00c9crivaine cr\u00e9ative &amp; \u00c9crivaine publique<br><\/p>\n\n\n\n<p class=\"has-text-align-center has-extra-large-font-size\"><strong><em>La Recherche scientifique<\/em><\/strong><\/p>\n\n\n\n<p class=\"has-text-align-center has-extra-large-font-size\">Recherches historiques, artistiques et litt\u00e9raires<br>Analyses anthropologiques et ethnologiques<br>Traitements archivistiques et conseils en mus\u00e9ographie<br><\/p>\n\n\n\n<p class=\"has-text-align-center has-extra-large-font-size\"><em><strong>La Valorisation du patrimoine<\/strong><\/em><\/p>\n\n\n\n<p class=\"has-text-align-center has-extra-large-font-size\">Gestion de l\u2019Information &amp; M\u00e9diation publique,<br>Documentaliste et photographe,<br>\u00c9tudes, Expertises, Conseils et Formations<\/p>\n\n\n\n<p class=\"has-text-align-center has-extra-large-font-size\"><br>Intuitif et facile d\u2019acc\u00e8s, laissez glisser votre souris <br>au gr\u00e9 des diff\u00e9rents onglets de ce site<br>et retrouvez-y l\u2019ensemble des informations <br>pouvant vous \u00eatre utiles.<\/p>\n\n\n\n<p class=\"has-text-align-center has-extra-large-font-size\">Vous pouvez \u00e9galement me contacter directement <br>par t\u00e9l\u00e9phone ou par mail.<\/p>\n\n\n\n<p class=\"has-text-align-center has-extra-large-font-size\">Je me ferais un plaisir de vous r\u00e9pondre.<\/p>\n\n\n\n<p class=\"has-text-align-center has-extra-large-font-size\"><br><br>Tr\u00e8s bonne visite et \u00e0 bient\u00f4t.<\/p>\n","protected":false},"excerpt":{"rendered":"<p>Sp\u00e9cialiste de la R\u00e9daction sous toutes ses formes&nbsp;! Faire appel \u00e0 D\u2019Encre et de mots, c\u2019est choisir un service de qualit\u00e9, original [&hellip;]<\/p>\n","protected":false},"author":1,"featured_media":0,"parent":0,"menu_order":0,"comment_status":"closed","ping_status":"closed","template":"","meta":{"footnotes":""},"class_list":{"0":"post-81","1":"page","2":"type-page","3":"status-publish","5":"col-md-12"},"aioseo_notices":[],"_links":{"self":[{"href":"https:\/\/dencre-et-de-mots.com\/index.php\/wp-json\/wp\/v2\/pages\/81","targetHints":{"allow":["GET"]}}],"collection":[{"href":"https:\/\/dencre-et-de-mots.com\/index.php\/wp-json\/wp\/v2\/pages"}],"about":[{"href":"https:\/\/dencre-et-de-mots.com\/index.php\/wp-json\/wp\/v2\/types\/page"}],"author":[{"embeddable":true,"href":"https:\/\/dencre-et-de-mots.com\/index.php\/wp-json\/wp\/v2\/users\/1"}],"replies":[{"embeddable":true,"href":"https:\/\/dencre-et-de-mots.com\/index.php\/wp-json\/wp\/v2\/comments?post=81"}],"version-history":[{"count":30,"href":"https:\/\/dencre-et-de-mots.com\/index.php\/wp-json\/wp\/v2\/pages\/81\/revisions"}],"predecessor-version":[{"id":1370,"href":"https:\/\/dencre-et-de-mots.com\/index.php\/wp-json\/wp\/v2\/pages\/81\/revisions\/1370"}],"wp:attachment":[{"href":"https:\/\/dencre-et-de-mots.com\/index.php\/wp-json\/wp\/v2\/media?parent=81"}],"curies":[{"name":"wp","href":"https:\/\/api.w.org\/{rel}","templated":true}]}}